{"id":432,"date":"2020-09-03T15:23:50","date_gmt":"2020-09-03T12:23:50","guid":{"rendered":"http:\/\/www.insolitus.fi\/?page_id=432"},"modified":"2024-01-31T11:44:38","modified_gmt":"2024-01-31T09:44:38","slug":"palvelumme","status":"publish","type":"page","link":"https:\/\/www.insolitus.fi\/index.php\/palvelumme\/","title":{"rendered":"Palvelumme"},"content":{"rendered":"\n<div class=\"wp-block-group\"><div class=\"wp-block-group__inner-container is-layout-flow wp-block-group-is-layout-flow\">\n<div class=\"wp-block-group\"><div class=\"wp-block-group__inner-container is-layout-flow wp-block-group-is-layout-flow\">\n<div class=\"wp-block-group\"><div class=\"wp-block-group__inner-container is-layout-flow wp-block-group-is-layout-flow\">\n<h3><strong>Arkkitehtuurisuunnittelu ja -kuvaukset<\/strong><\/h3>\n<ul>\n<li>Toiminta, tieto, tietoj\u00e4rjestelm\u00e4t<\/li>\n<li>Tavoitetila, nykytila, gap-analyysit, roadmapit<\/li>\n<\/ul>\n<p><img loading=\"lazy\" decoding=\"async\" class=\"alignnone size-medium wp-image-466\" src=\"http:\/\/www.insolitus.fi\/wp-content\/uploads\/2020\/09\/KA-kuva-300x249.png\" alt=\"\" width=\"300\" height=\"249\" srcset=\"https:\/\/www.insolitus.fi\/wp-content\/uploads\/2020\/09\/KA-kuva-300x249.png 300w, https:\/\/www.insolitus.fi\/wp-content\/uploads\/2020\/09\/KA-kuva-1024x850.png 1024w, https:\/\/www.insolitus.fi\/wp-content\/uploads\/2020\/09\/KA-kuva-768x637.png 768w, https:\/\/www.insolitus.fi\/wp-content\/uploads\/2020\/09\/KA-kuva.png 1164w\" sizes=\"auto, (max-width: 300px) 100vw, 300px\" \/><\/p>\n<h3><strong>Esiselvitys ja m\u00e4\u00e4rittelypalvelut<\/strong><\/h3>\n<ul>\n<li>Toiminnallinen m\u00e4\u00e4rittely<\/li>\n<li>Toimintaprosessit ja palvelut<\/li>\n<li>Tietovirtakuvaukset<\/li>\n<li>Tietoj\u00e4rjestelmien roolit<\/li>\n<\/ul>\n<p><img loading=\"lazy\" decoding=\"async\" class=\"wp-image-467 size-medium alignnone\" src=\"http:\/\/www.insolitus.fi\/wp-content\/uploads\/2020\/09\/maarittely-300x209.png\" alt=\"\" width=\"300\" height=\"209\" \/><\/p>\n<p>\u00a0<\/p>\n<h3><strong>Konsultointi tietohallintoon<\/strong><\/h3>\n<ul>\n<li>Tietohallinnon kontrollit ja prosessit<\/li>\n<li>Tavoitteet ja mittarit<\/li>\n<li>Sopimukset, hankinnat ja lisenssit<\/li>\n<\/ul>\n<h3><strong>Pro bono<\/strong><\/h3>\n<p>Tarjoan osaamistani ilmaiseksi:<\/p>\n<ul>\n<li>Kolmannen sektorin sote-palvelutuottajille (koska haluamme pit\u00e4\u00e4 toisistamme huolta)<\/li>\n<li>Uusiutuvan energian tuottajille ja hy\u00f6dynt\u00e4jille (koska maailma pit\u00e4\u00e4 pelastaa)<\/li>\n<\/ul>\n<\/div><\/div>\n<\/div><\/div>\n<\/div><\/div>\n","protected":false},"excerpt":{"rendered":"<p>Arkkitehtuurisuunnittelu ja -kuvaukset Toiminta, tieto, tietoj\u00e4rjestelm\u00e4t Tavoitetila, nykytila, gap-analyysit, roadmapit Esiselvitys ja m\u00e4\u00e4rittelypalvelut Toiminnallinen m\u00e4\u00e4rittely Toimintaprosessit ja palvelut Tietovirtakuvaukset Tietoj\u00e4rjestelmien [&hellip;]<\/p>\n","protected":false},"author":1,"featured_media":0,"parent":0,"menu_order":0,"comment_status":"closed","ping_status":"closed","template":"page-templates\/full-width.php","meta":{"footnotes":""},"class_list":["post-432","page","type-page","status-publish","hentry"],"_links":{"self":[{"href":"https:\/\/www.insolitus.fi\/index.php\/wp-json\/wp\/v2\/pages\/432","targetHints":{"allow":["GET"]}}],"collection":[{"href":"https:\/\/www.insolitus.fi\/index.php\/wp-json\/wp\/v2\/pages"}],"about":[{"href":"https:\/\/www.insolitus.fi\/index.php\/wp-json\/wp\/v2\/types\/page"}],"author":[{"embeddable":true,"href":"https:\/\/www.insolitus.fi\/index.php\/wp-json\/wp\/v2\/users\/1"}],"replies":[{"embeddable":true,"href":"https:\/\/www.insolitus.fi\/index.php\/wp-json\/wp\/v2\/comments?post=432"}],"version-history":[{"count":5,"href":"https:\/\/www.insolitus.fi\/index.php\/wp-json\/wp\/v2\/pages\/432\/revisions"}],"predecessor-version":[{"id":469,"href":"https:\/\/www.insolitus.fi\/index.php\/wp-json\/wp\/v2\/pages\/432\/revisions\/469"}],"wp:attachment":[{"href":"https:\/\/www.insolitus.fi\/index.php\/wp-json\/wp\/v2\/media?parent=432"}],"curies":[{"name":"wp","href":"https:\/\/api.w.org\/{rel}","templated":true}]}}